lculate the remainder when 1760 is divided by 1747.
13
What is the remainder when 3117 is divided by 978?
183
Calculate the remainder when 7332 is divided by 163.
160
What is the remainder when 4708 is divided by 312?
28
Calculate the remainder when 94078 is divided by 11.
6
What is the remainder when 4006109 is divided by 16?
13
What is the remainder when 585811 is divided by 168?
163
Calculate the remainder when 3850 is divided by 214.
212
What is the remainder when 221295 is divided by 25?
20
What is the remainder when 38282 is divided by 14?
6
What is the remainder when 93043 is divided by 1453?
51
Calculate the remainder when 411101 is divided by 331.
330
What is the remainder when 72322 is divided by 3142?
56
Calculate the remainder when 4131 is divided by 159.
156
What is the remainder when 79042 is divided by 784?
642
What is the remainder when 2709 is divided by 57?
30
Calculate the remainder when 35572 is divided by 7.
5
What is the remainder when 4437 is divided by 1448?
93
What is the remainder when 11847 is divided by 1868?
639
What is the remainder when 68509 is divided by 3424?
29
What is the remainder when 1836953 is divided by 366?
365
What is the remainder when 89999 is divided by 22?
19
What is the remainder when 27993 is divided by 6992?
25
What is the remainder when 4739 is divided by 1253?
980
Calculate the remainder when 1291 is divided by 387.
130
Calculate the remainder when 63228 is divided by 7830.
588
Calculate the remainder when 94775 is divided by 1934.
9
Calculate the remainder when 80 is divided by 73.
7
Calculate the remainder when 1217 is divided by 312.
281
What is the remainder when 4491 is divided by 4464?
27
What is the remainder when 156710 is divided by 9794?
6
What is the remainder when 137924 is divided by 83?
61
What is the remainder when 12012 is divided by 234?
78
Calculate the remainder when 193533 is divided by 144.
141
What is the remainder when 78977 is divided by 359?
356
Calculate the remainder when 384 is divided by 69.
39
Calculate the remainder when 77621 is divided by 616.
5
Calculate the remainder when 74944 is divided by 24981.
1
What is the remainder when 386801 is divided by 702?
701
What is the remainder when 12536 is divided by 136?
24
Calculate the remainder when 3592 is divided by 1084.
340
What is the remainder when 14589 is divided by 90?
9
What is the remainder when 8307 is divided by 54?
45
Calculate the remainder when 2710 is divided by 54.
10
What is the remainder when 10260 is divided by 180?
0
What is the remainder when 11338 is divided by 1565?
383
Calculate the remainder when 566583 is divided by 2724.
2715
Calculate the remainder when 7253 is divided by 1053.
935
Calculate the remainder when 3641 is divided by 858.
209
Calculate the remainder when 1110 is divided by 499.
112
What is the remainder when 4026 is divided by 87?
24
Calculate the remainder when 781985 is divided by 390977.
31
What is the remainder when 3617 is divided by 2?
1
Calculate the remainder when 88 is divided by 49.
39
Calculate the remainder when 29852 is divided by 18.
8
Calculate the remainder when 4821 is divided by 104.
37
What is the remainder when 1369 is divided by 191?
32
Calculate the remainder when 12966 is divided by 2980.
1046
Calculate the remainder when 637 is divided by 251.
135
What is the remainder when 65294 is divided by 106?
104
What is the remainder when 63270 is divided by 127?
24
What is the remainder when 11169 is divided by 14?
11
Calculate the remainder when 31279 is divided by 10424.
7
What is the remainder when 65513 is divided by 455?
448
Calculate the remainder when 6547 is divided by 1582.
219
Calculate the remainder when 36241 is divided by 148.
129
What is the remainder when 413 is divided by 236?
177
Calculate the remainder when 16621 is divided by 49.
10
What is the remainder when 80268 is divided by 1672?
12
What is the remainder when 136526 is divided by 45443?
197
Calculate the remainder when 23789 is divided by 699.
23
Calculate the remainder when 2683 is divided by 837.
172
Calculate the remainder when 14118 is divided by 524.
494
Calculate the remainder when 1671 is divided by 140.
131
What is the remainder when 2002 is divided by 76?
26
What is the remainder when 711 is divided by 145?
131
Calculate the remainder when 1395 is divided by 138.
15
What is the remainder when 11769 is divided by 512?
505
What is the remainder when 87632 is divided by 21906?
8
What is the remainder when 109985 is divided by 97?
84
Calculate the remainder when 88598 is divided by 88461.
137
What is the remainder when 20599 is divided by 6806?
181
What is the remainder when 17015 is divided by 5666?
17
What is the remainder when 395506 is divided by 131832?
10
What is the remainder when 49139 is divided by 12?
11
What is the remainder when 3398 is divided by 86?
44
What is the remainder when 98447 is divided by 5468?
23
What is the remainder when 1288 is divided by 108?
100
What is the remainder when 68648 is divided by 10?
8
Calculate the remainder when 15812 is divided by 336.
20
Calculate the remainder when 456813 is divided by 3.
0
What is the remainder when 215513 is divided by 26939?
1
Calculate the remainder when 3313 is divided by 32.
17
Calculate the remainder when 13022 is divided by 6358.
306
Calculate the remainder when 12846372 is divided by 125.
122
What is the remainder when 1828 is divided by 1805?
23
What is the remainder when 747 is divided by 360?
27
Calculate the remainder when 12872 is divided by 103.
100
Calculate the remainder when 1098074 is divided by 165.
164
Calculate the remainder when 3668 is divided by 306.
302
What is the remainder when 158475 is divided by 31688?
35
What is the remainder when 17829 is divided by 278?
37
Calculate the remainder when 224635 is divided by 40.
35
Calculate the remainder when 12144 is divided by 304.
288
What is the remainder when 1581 is divided by 594?
393
Calculate the remainder when 988 is divided by 503.
485
Calculate the remainder when 18622 is divided by 746.
718
Calculate the remainder when 2995 is divided by 272.
3
What is the remainder when 269881 is divided by 7294?
3
Calculate the remainder when 449 is divided by 23.
12
Calculate the remainder when 13516 is divided by 183.
157
Calculate the remainder when 2318 is divided by 178.
4
What is the remainder when 5928 is divided by 740?
8
Calculate the remainder when 2829 is divided by 1188.
453
What is the remainder when 123834 is divided by 576?
570
What is the remainder when 2684 is divided by 94?
52
What is the remainder when 4337 is divided by 122?
67
Calculate the remainder when 13994 is divided by 100.
94
Calculate the remainder when 4835696 is divided by 50.
46
Calculate the remainder when 2864 is divided by 925.
89
Calculate the remainder when 93296 is divided by 31097.
5
Calculate the remainder when 1556 is divided by 708.
140
Calculate the remainder when 3229 is divided by 3160.
69
Calculate the remainder when 19868 is divided by 22.
2
What is the remainder when 1428 is divided by 20?
8
Calculate the remainder when 1444 is divided by 743.
701
What is the remainder when 24817 is divided by 1082?
1013
What is the remainder when 65230 is divided by 13043?
15
Calculate the remainder when 1518 is divided by 690.
138
What is the remainder when 14822 is divided by 988?
2
What is the remainder when 13484 is divided by 6724?
36
Calculate the remainder when 8598 is divided by 210.
198
What is the remainder when 706 is divided by 30?
16
Calculate the remainder when 4710 is divided by 19.
17
What is the remainder when 19229 is divided by 20?
9
Calculate the remainder when 9503 is divided by 8441.
1062
Calculate the remainder when 125775 is divided by 175.
125
What is the remainder when 8547 is divided by 2812?
111
What is the remainder when 1004 is divided by 49?
24
Calculate the remainder when 145297 is divided by 259.
257
What is the remainder when 36727 is divided by 350?
327
Calculate the remainder when 207367 is divided by 69121.
4
What is the remainder when 6795 is divided by 225?
45
Calculate the remainder when 4519 is divided by 13.
8
What is the remainder when 2506 is divided by 34?
24
Calculate the remainder when 18062 is divided by 125.
62
What is the r